e factors of l(v).
7, 41
Let z = -2317 + 3967. List the prime factors of z.
2, 3, 5, 11
Suppose 36 = 34*v - 32*v. Let w be (-3 - 75/(-27)) + (-146)/(-9). Let r = v + w. What are the prime factors of r?
2, 17
Let l be (27/(-15))/((-2)/310). Let v = 170 + l. Suppose 5*i - m = -6*m + 795, -4*m = -3*i + v. What are the prime factors of i?
5, 31
Let l = -30175 + 47289. What are the prime factors of l?
2, 43, 199
Suppose 2*k - 36 = -2*k. Let p be (-204)/6*k/2. List the prime factors of -4 - (1 + 0 + p).
2, 37
What are the prime factors of (-56)/(-14) - (-3684 - (6 + -5))?
7, 17, 31
Let j(v) = 1502*v + 91. What are the prime factors of j(3)?
4597
Let y = -5 + 17. Suppose -2*r + 5*r = -y. What are the prime factors of r/(-6)*153/2?
3, 17
Suppose -46*h + 339610 + 4639 = -81941. What are the prime factors of h?
5, 17, 109
Suppose -11328*a + 11344*a - 185008 = 0. List the prime factors of a.
31, 373
Let u be 454 + (9 - (-2 + 5)). What are the prime factors of 5 + 0 + -8 + u?
457
Let o = -4 + 6. Let s(l) = -16*l + 20. Let u be s(-4). Suppose u = 2*d + o*d. List the prime factors of d.
3, 7
What are the prime factors of 728/(-168)*(187/(-9) + 8/(-36))?
7, 13
Suppose 5*l - a = 15, 5 = -a - 0. Suppose 724 = l*c - 176. List the prime factors of c.
2, 3, 5
Suppose -35 = -5*d, 20896 = 3*r + 8*d - 10*d. What are the prime factors of r?
2, 5, 17, 41
Suppose 3*l - 4*w - 214661 = 0, -7930*l + w = -7928*l - 143109. What are the prime factors of l?
5, 11, 1301
Let u be ((-46)/(-8) + -2)/((-9)/(-48)). Suppose 0 = -4*j - u, 1896 - 239 = 4*x - j. What are the prime factors of x?
7, 59
List the prime factors of ((-2)/3 + 10/(660/(-319)))*-2386.
11, 1193
Let h = -13 + 19. Let g be 4 + 45/(-27) + 4/h. Suppose -7*j = -g*j - 312. What are the prime factors of j?
2, 3, 13
What are the prime factors of ((-168)/(-18) + -9)/((-3)/(-218718))?
2, 29, 419
Let u(v) be the third derivative of -15*v**2 + 0*v + 0 + 11/12*v**4 - 1/2*v**3. List the prime factors of u(4).
5, 17
Suppose 8*w - 395 = 1141. Let m = w + 10. List the prime factors of m.
2, 101
Suppose -90396 = -2*z + 7*r, 0 = 3*z - 4*r + 41889 - 177470. List the prime factors of z.
45191
Let m be ((-5)/((-15)/(-2)))/((-38)/(-228)). What are the prime factors of (-4)/16 - ((-613)/m)/(-1)?
3, 17
Let t = 35 + -30. Let z be 36*(-20)/(-6)*t/10. Let x = 117 - z. List the prime factors of x.
3, 19
Let w be (480/14)/3 + (-16)/(-28). Suppose -23*h + 1397 = -w*h. List the prime factors of h.
127
Suppose -x + 26181 = -4*r + 3*r, 0 = -2*x - r + 52353. What are the prime factors of x?
2, 3, 4363
Let a = 1775 + 33902. What are the prime factors of a?
35677
Let c(k) = -7*k + 2. Let s be c(0). Suppose -84 = -2*r - s. Let f = r + -12. List the prime factors of f.
29
Suppose 0 = 6*d + 28 + 26. Let f be ((-4)/12 - 3/d)*1. Suppose f = 4*v + 16, 8 = t + 5*v - 57. List the prime factors of t.
5, 17
Suppose 0 = -7*f + 1 + 6. Let y(n) = -n + 2. Let k be y(f). What are the prime factors of ((-2)/k)/(-4) - (-1746)/12?
2, 73
Let s = -3043 + 14304. What are the prime factors of s?
11261
Let h(t) = -3 - 134*t**3 + 296*t**3 - 101*t**3 - 2*t**2. What are the prime factors of h(2)?
3, 53
Suppose -x - 1881 + 6656 = -j, 5*j = -4*x + 19127. What are the prime factors of x?
2, 2389
Suppose 0 = 2*r - b - 27, 5*b - 1 - 20 = -2*r. Let l be (-4 - r/2)/((-6)/(-40)). What are the prime factors of (l/3)/((-6)/18)?
2, 5, 7
What are the prime factors of ((-12780)/(-14))/((-153)/(-714))?
2, 3, 5, 71
Suppose 0*q - 2*q + 10 = 0, 2*q = -2*g - 142. Let w be g/57*18/(-1). List the prime factors of (-2364)/w*2/(-1).
197
Let u = 91 + -77. Suppose 2453 = u*f - 1243. What are the prime factors of f?
2, 3, 11
Suppose 3*s + 384 = 4*s - k, 2*k = -2*s + 748. Let g be s/3 - (-16)/(-12). Let c = 205 - g. What are the prime factors of c?
2, 5
Let m be 135/(-20) - 9/(-12). List the prime factors of 7/(-84)*m*136.
2, 17
Suppose 40914 - 9442 = 35*v - 50778. What are the prime factors of v?
2, 5, 47
Let w be 0 + (-2)/(-16) - 10094/112. Let s = w - -96. Suppose -s*k = -334 - 350. What are the prime factors of k?
2, 3, 19
Let x = 19 + 670. Suppose 0*c + x = 3*c + 2*q, 3*c - q = 686. List the prime factors of c.
229
Let x(z) = z**2 - 8*z - 17. Suppose o = 5*k + 6, 10*k = -o + 6*k + 24. Suppose -2*w = 32 - o. List the prime factors of x(w).
3, 37
Suppose 0 = -15*k + 820 + 2360. Let p = k + 397. List the prime factors of p.
3, 7, 29
Let x be (-2 - -2) + 0 + 400. Let n = -11604 - -12221. Suppose -3*k + r = -n, 2*k - 2*r + 7*r = x. What are the prime factors of k?
5, 41
Let n = -4915 + 18478. What are the prime factors of n?
3, 11, 137
Let h = 27 + -25. Suppose -3*s + 24 = -h*r + 5*r, -2*r = -2*s + 20. Suppose -4*u - 92 = -j, 3*u - s = 6. List the prime factors of j.
2, 7
Let i = -2959 + 3007. Let t be 2*(-7)/(-2)*-1. Let o = t + i. List the prime factors of o.
41
Suppose -15*c = -16*c. Suppose c = 3*b - 15, -3*g - 2*b + 20 + 20 = 0. Suppose g*y = 410 + 140. What are the prime factors of y?
5, 11
Let s(f) be the third derivative of 7*f**4/8 - f**3/2 + 13*f**2 - 3*f. Let y = 14 + -7. List the prime factors of s(y).
2, 3
Let h be 24/30*(-5)/(-2). Let j(b) = -8 - 630*b**2 + 320*b**2 + 342*b**h. What are the prime factors of j(3)?
2, 5, 7
Suppose -2*o + 2*l = -28, -4*o - 5*l + 70 = o. List the prime factors of o*((-10)/(-8))/(50/660).
3, 7, 11
Suppose -3*f - 5*x + 23 = -150, -2*f + 127 = x. Suppose -3*p - f = -552. What are the prime factors of p?
2, 3
Let q = 44 + -42. Suppose -q*n + 9*x + 741 = 6*x, 0 = 4*n + x - 1517. What are the prime factors of n?
2, 3, 7
Let w(s) = s**2 - 25*s + 6578. List the prime factors of w(-85).
2, 11, 181
Suppose 3*b - 4*h = -3*h + 43399, -5*b + 4*h = -72341. What are the prime factors of 1/7 - b/(-77)?
2, 47
Let s(d) = 565*d**2 + 33*d - 7. List the prime factors of s(-2).
3
Let o(c) be the second derivative of -3*c**5/20 - 7*c**4/12 + 5*c**3/3 + 15*c. Let v be o(8). What are the prime factors of v/28*6/(-8)?
3, 17
Let h(q) = -471*q**3 - 9*q**2 - 26*q + 130. What are the prime factors of h(-5)?
2, 5, 43, 137
Let z = -16185 - -50177. What are the prime factors of z?
2, 7, 607
Suppose 16*y - 851139 = 29*y - 30*y. What are the prime factors of y?
3, 5563
Let g be (-1)/2*(3061 - -1). Let p = g + 2661. List the prime factors of p.
2, 5, 113
Let s be -4 + (1 - -6) - (-1 + 1023). Let b = 2004 + s. Suppose -2*v + 495 = 3*d, -12*d + 7*d = 4*v - b. What are the prime factors of v?
2, 3, 5
Let g(k) = 9*k**2 + 10*k + 4. Let i(l) = -6*l**2 - 7*l - 3. Let s(u) = -5*g(u) - 7*i(u). Let p be s(1). Let f = p - -50. List the prime factors of f.
47
Suppose -3*c + 5*b = -110, 0*c - 5*b + 90 = 2*c. Suppose -7*i = -3*i - 200. Let q = i - c. What are the prime factors of q?
2, 5
Suppose 955965 = 147*x - 1946028 - 114447. What are the prime factors of x?
2, 3, 5, 19
Let s(h) = -6*h + 28. Let v be s(0). Let l be 595/v - 4/((-16)/3). List the prime factors of -2 - (-475)/11 - 4/l.
41
Suppose -18*a + 25*a = 10024. List the prime factors of a.
2, 179
Let t(c) = -c**2 - 658*c + 33471. What are the prime factors of t(0)?
3, 3719
Let q(v) = -720*v - 51. Let f be q(-5). Suppose -893 + f = 8*n. Suppose n = -3*p + 7*p. What are the prime factors of p?
83
What are the prime factors of 4/18 - (-25 + (-17357901)/459)?
2, 3, 7, 17, 53
Suppose -s + 5*g = 484, -2*g - 167 = -4*s - 2067. Let x be 0/(-2) + 1 + -315. Let n = x - s. What are the prime factors of n?
2, 5
Suppose 127*l = 171*l - 250800. What are the prime factors of l?
2, 3, 5, 19
Suppose 4*o - 18209 = -181. What are the prime factors of o?
4507
Suppose 15*d - 10*d = -32*d + 70374. List the prime factors of d.
2, 3, 317
Suppose 3*l - 89716 = 46*n - 48*n, -4 = -2*n. List the prime factors of l.
2, 3, 7, 89
Let c(q) = 2696*q - 838. What are the prime factors of c(7)?
2, 71, 127
Let l be (1 + 3)*(-24)/32. Let w = 14 - 19. What are the prime factors of (-2 - l)/(w/(-260))?
2, 13
Let f = -108 - -262. Let s = 214 - f. List the prime factors of s.
2, 3, 5
Suppose 0 = 5*l + 15, 0 = -13*q - 11*l + 9*l + 527846. List the prime factors of q.
2, 10151
Let b = 377 + 444. Suppose -2*y = i - b, 3*y - 1230 = -4*i + i. Suppose -17 = -4*t + y. List the prime factors of t.
107
Suppose 2*r - 19 = -15, 5*l - 5*r - 6360 = 0. List the prime factors of l.
2, 7, 13
Let k(g